62 composite?
True
Is 45943 a prime number?
True
Is 4037 a composite number?
True
Is 258877 prime?
False
Is 116903 prime?
True
Is 681299 a composite number?
True
Is 5953 composite?
False
Is 861791 composite?
True
Is 1504361 a prime number?
False
Is 16411 composite?
False
Is 4777 a composite number?
True
Is 73631 a prime number?
False
Is 2149 a prime number?
False
Is 303907 a prime number?
True
Is 139505 prime?
False
Is 29006 a composite number?
True
Is 979 composite?
True
Is 16661 prime?
True
Is 22789 prime?
False
Is 639335 a prime number?
False
Is 21633 a prime number?
False
Is 2077 composite?
True
Is 79457 composite?
True
Is 107651 a composite number?
True
Is 52627 composite?
False
Is 1711043 a prime number?
True
Is 55649 prime?
False
Is 236609 a prime number?
True
Is 82939 composite?
False
Is 35339 prime?
True
Is 14401 prime?
True
Is 9967 composite?
False
Is 11219 prime?
False
Is 24019 a prime number?
True
Is 14891 prime?
True
Is 2463081 prime?
False
Is 374435 a composite number?
True
Is 1069 prime?
True
Is 3109 a composite number?
False
Is 51971 composite?
False
Is 43773 composite?
True
Is 41765 prime?
False
Is 611 prime?
False
Is 107599 a prime number?
True
Is 1167203 a prime number?
False
Is 35702 a composite number?
True
Is 2287 prime?
True
Is 17219 a composite number?
True
Is 11698 composite?
True
Is 65399 a prime number?
False
Is 184031 a prime number?
True
Is 351895 prime?
False
Is 507061 composite?
True
Is 92077 a prime number?
True
Is 1087 a composite number?
False
Is 43534 composite?
True
Is 7039 composite?
False
Is 361271 prime?
True
Is 1000273 a composite number?
False
Is 25511 composite?
True
Is 6421 a composite number?
False
Is 208157 prime?
False
Is 278555 prime?
False
Is 703451 prime?
False
Is 154523 composite?
False
Is 233171 prime?
False
Is 28937 composite?
True
Is 4327 prime?
True
Is 21313 composite?
False
Is 194947 composite?
True
Is 5297 prime?
True
Is 85915 prime?
False
Is 4289 a prime number?
True
Is 9997 composite?
True
Is 1840011 composite?
True
Is 7831 composite?
True
Is 127039 prime?
False
Is 371989 a prime number?
False
Is 764833 composite?
True
Is 26759 composite?
False
Is 1061 prime?
True
Is 8191 a composite number?
False
Is 63811 a composite number?
True
Is 84691 composite?
False
Is 48005 composite?
True
Is 19837 prime?
False
Is 2916929 a prime number?
False
Is 60493 a prime number?
True
Is 355713 prime?
False
Is 1755202 a prime number?
False
Is 2790143 a prime number?
True
Is 406111 a prime number?
False
Is 906089 a composite number?
False
Is 57329 prime?
True
Is 259271 prime?
True
Is 95561 a composite number?
False
Is 116333 prime?
False
Is 5077 a composite number?
False
Is 10063 prime?
False
Is 84913 a prime number?
True
Is 56983 a prime number?
True
Is 921793 prime?
False
Is 143911 a prime number?
False
Is 1559 a composite number?
False
Is 1631 a prime number?
False
Is 6947 composite?
False
Is 10331 a composite number?
False
Is 3839 prime?
False
Is 5731 a composite number?
True
Is 70177 a prime number?
True
Is 891797 a composite number?
False
Is 1949 composite?
False
Is 502591 prime?
True
Is 943 prime?
False
Is 137633 a composite number?
False
Is 47459 a prime number?
True
Is 33571 a composite number?
True
Is 24907 a prime number?
True
Is 7909 prime?
False
Is 165229 a prime number?
True
Is 9871 a composite number?
False
Is 12205 prime?
False
Is 4181 composite?
True
Is 41969 prime?
True
Is 37577 prime?
False
Is 415883 composite?
True
Is 22837 a prime number?
False
Is 19661 a prime number?
True
Is 26591 a prime number?
True
Is 22207 prime?
False
Is 213739 prime?
False
Is 67583 composite?
True
Is 30631 a composite number?
False
Is 1198739 composite?
True
Is 491 a composite number?
False
Is 7559 a prime number?
True
Is 10771 prime?
True
Is 2838209 a prime number?
False
Is 470489 prime?
True
Is 99271 composite?
True
Is 268487 composite?
False
Is 179485 a prime number?
False
Is 257 composite?
False
Is 1594 prime?
False
Is 144334 composite?
True
Is 30631 a composite number?
False
Is 161543 prime?
True
Is 14367 a prime number?
False
Is 24931 a composite number?
True
Is 4783 a prime number?
True
Is 168591 composite?
True
Is 113599 composite?
True
Is 53 a prime number?
True
Is 207029 a composite number?
False
Is 25733 a composite number?
False
Is 6197 a composite number?
False
Is 214597 a composite number?
True
Is 16769 a prime number?
False
Is 6329 composite?
False
Is 69469 a prime number?
False
Is 28981 composite?
True
Is 494609 composite?
False
Is 47939 a prime number?
True
Is 1901 composite?
False
Is 7754 prime?
False
Is 8209 prime?
True
Is 7978 composite?
True
Is 56521 composite?
True
Is 33955 a prime number?
False
Is 3751433 prime?
False
Is 1779931 prime?
True
Is 10343 a prime number?
True
Is 350137 prime?
True
Is 74267 prime?
False
Is 2498 a composite number?
True
Is 251795 a composite number?
True
Is 90929 a prime number?
False
Is 1657 a composite number?
False
Is 391 prime?
False
Is 65053 composite?
False
Is 52021 composite?
False
Is 67877 prime?
False
Is 27299 composite?
False
Is 193195 composite?
True
Is 2671 prime?
True
Is 3041 composite?
False
Is 413 a prime number?
False
Is 109759 a composite number?
True
Is 31891 a composite number?
False
Is 17194 composite?
True
Is 28159 a composite number?
True
Is 870989 a composite number?
True
Is 155179 composite?
True
Is 214499 a prime number?
True
Is 17093 composite?
False
Is 2306911 prime?
True
Is 921563 a prime number?
True
Is 6491 prime?
True
Is 794089 a prime number?
True
Is 313207 a composite number?
False
Is 6983 prime?
True
Is 58337 a prime number?
True
Is 28369 a prime number?
False
Is 727 composite?
False
Is 538247 prime?
True
Is 18173 composite?
True
Is 20609 a prime number?
False
Is 35591 composite?
False
Is 9753 a composite number?
True
Is 351913 a composite number?
False
Is 551579 prime?
False
Is 6542 a prime number?
False
Is 20507 composite?
False
Is 132853 a prime number?
False
Is 75397 a prime number?
False
Is 26861 a composite number?
False
Is 1124531 composite?
False
Is 35489 a composite number?
True
Is 779827 prime?
True
Is 1882783 composite?
True
Is 71563 a prime number?
True
Is 242119 prime?
True
Is 2017 a composite number?
False
Is 2819573 a composite number?
True
Is 116903 a composite number?
False
Is 1822 prime?
False
Is 14566 prime?
False
Is 4847 prime?
False
Is 1177 composite?
True
Is 4265 a composite number?
True
Is 338669 composite?
False
Is 28807 composite?
False
Is 648953 a composite number?
False
Is 111179 composite?
True
Is 1214 a composite number?
True
Is 62189 prime?
True
Is 5059 a composite number?
False
Is 33509 prime?
False
Is 212665 prime?
False
Is 1139 composite?
True
Is 188369 prime?
True
Is 423949 composite?
False
Is 1465 composite?
True
Is 4783 prime?
True
Is 191309 a prime number?
False
Is 60857 composite?
True
Is 13799 a composite number?
False
Is 781937 prime?
False
Is 279511 prime?
True
Is 438013 a prime number?
False
Is 647798 a prime number?
False
Is 262999 prime?
False
Is 351991 a prime number?
True
Is 26987 a composite number?
False
Is 8797 a composite number?
True
Is 100321 a composite number?
True
Is 78191 a composite number?
False
Is 57485 prime?
False
Is 1801 a prime number?
True
Is 21547 composite?
True
Is 11089 composite?
True
Is 511141 prime?
False
Is 172049 composite?
False
Is 2611 prime?
False
Is 19439 composite?
True
Is 6503 prime?
False
Is 123911 a prime number?
True
Is 120485 a composite number?
True
Is 136231 a composite number?
True
Is 1075523 a prime number?
False
Is 354533 prime?
True
Is 52198 a composite number?
True
Is 613049 composite?
False
Is 11393 a prime number?
True
Is 2777 composite?
False
Is 24845 composite?
True
Is 31121 prime?
True
Is 48371 a prime number?
True
Is 6449 a composite number?
False
Is 1092487 composite?
True
Is 3907 a composite number?
False
Is 1073 composite?
True
Is 25501 a prime number?
False
Is 146107 a composite number?
True
Is 103651 a composite number?
False
Is 54254 prime?
False
Is 321289 a prime number?
True
Is 46747 a prime number?
True
Is 68279 prime?
True
Is 129011 a composite number?
False
Is 42557 prime?
True
Is 29411 a prime number?
True
Is 140243 prime?
False
Is 11777 a composite number?
False
Is 3747 a composite number?
True
Is 2165 composite?
True
Is